{"id":10,"date":"2019-04-24T23:08:40","date_gmt":"2019-04-24T21:08:40","guid":{"rendered":"https:\/\/ct27.escalade-normandie.com\/?page_id=10"},"modified":"2020-12-21T23:46:53","modified_gmt":"2020-12-21T22:46:53","slug":"accueil","status":"publish","type":"page","link":"https:\/\/ct27.escalade-normandie.com\/index.php\/accueil\/","title":{"rendered":"Accueil"},"content":{"rendered":"<p>Bienvenue sur notre site !<\/p>\n\n<ul class=\"wp-block-latest-posts__list has-dates wp-block-latest-posts\"><li><a class=\"wp-block-latest-posts__post-title\" href=\"https:\/\/ct27.escalade-normandie.com\/index.php\/2021\/06\/19\/ouverture-de-la-chaine-youtube-du-ct27-et-1ere-video\/\">Ouverture de la chaine YouTube du CT27 et 1ere vid\u00e9o<\/a><time datetime=\"2021-06-19T09:38:33+02:00\" class=\"wp-block-latest-posts__post-date\">19 juin 2021<\/time><div class=\"wp-block-latest-posts__post-excerpt\">Nous venons de cr\u00e9er notre propre chaine YouTube \ud83d\udcaa\ud83d\udc4d\ud83d\udc4d ! A cette occasion vous trouverez notre premi\u00e8re vid\u00e9o L&rsquo;Eure, Terre d&rsquo;escalade qui vous pr\u00e9sente nos belles falaise et bien sur n&rsquo;h\u00e9sitez pas \u00e0 Liker, Partager et laisser un commentaire \ud83d\ude09 Tr\u00e8s Bon visionnage et abonnez-vous \u00e0 notre nouvelle chaine : https:\/\/www.youtube.com\/channel\/UC6NnWQBXeauBKIOTzJtnMpA<\/div><\/li>\n<li><a class=\"wp-block-latest-posts__post-title\" href=\"https:\/\/ct27.escalade-normandie.com\/index.php\/2021\/04\/16\/rockclimber_ct27ffme\/\">RockClimber et le CT 27 FFME<\/a><time datetime=\"2021-04-16T10:14:49+02:00\" class=\"wp-block-latest-posts__post-date\">16 avril 2021<\/time><div class=\"wp-block-latest-posts__post-excerpt\">RockClimber et le CT 27 FFME vous pr\u00e9sentent, sur cette vid\u00e9o, le&nbsp; r\u00e9\u00e9quipement du site naturel d&rsquo;escalade de la Roque, secteur la Sp\u00e9l\u00e9ologue. Un grand merci \u00e0 tous les acteurs de ce projet ! Les falaises du bord de Seine, essentiellement en craie\/silex,&nbsp; demandent un \u00e9quipement appropri\u00e9 (broches de 300 mm) et font l&rsquo;objet d&rsquo;un &hellip; <p class=\"link-more\"><a href=\"https:\/\/ct27.escalade-normandie.com\/index.php\/2021\/04\/16\/rockclimber_ct27ffme\/\" class=\"more-link\">Continuer la lecture<span class=\"screen-reader-text\"> de &laquo;&nbsp;RockClimber et le CT 27 FFME&nbsp;&raquo;<\/span><\/a><\/p><\/div><\/li>\n<li><a class=\"wp-block-latest-posts__post-title\" href=\"https:\/\/ct27.escalade-normandie.com\/index.php\/2021\/03\/11\/la-seconde-jeunesse\/\">La Seconde Jeunesse<\/a><time datetime=\"2021-03-11T21:25:50+01:00\" class=\"wp-block-latest-posts__post-date\">11 mars 2021<\/time><div class=\"wp-block-latest-posts__post-excerpt\">Tout a commenc\u00e9 par des \u00e9nergies locales, des b\u00e9n\u00e9voles farouchement amoureux des falaises de l\u2019Eure et de son Bord de Seine et soucieux de participer \u00e0 l\u2019entretien et \u00e0 l\u2019\u00e9quipement de nos sites de pratique. Le Comit\u00e9 Territorial FFME de l\u2019Eure d\u00e9cide alors de mettre en place une formation d\u2019ouvreurs en site naturel en 2018. &hellip; <p class=\"link-more\"><a href=\"https:\/\/ct27.escalade-normandie.com\/index.php\/2021\/03\/11\/la-seconde-jeunesse\/\" class=\"more-link\">Continuer la lecture<span class=\"screen-reader-text\"> de &laquo;&nbsp;La Seconde Jeunesse&nbsp;&raquo;<\/span><\/a><\/p><\/div><\/li>\n<li><a class=\"wp-block-latest-posts__post-title\" href=\"https:\/\/ct27.escalade-normandie.com\/index.php\/2021\/02\/24\/la-saison-des-amours-cest-reparti\/\">La saison des amours, c&rsquo;est reparti !<\/a><time datetime=\"2021-02-24T17:21:09+01:00\" class=\"wp-block-latest-posts__post-date\">24 f\u00e9vrier 2021<\/time><div class=\"wp-block-latest-posts__post-excerpt\">Nous sommes heureux de vous annoncer le retour de notre nich\u00e9e de Faucons P\u00e8lerins sur la Falaise de l&rsquo;M. Aussi pour ne pas d\u00e9ranger cette esp\u00e8ce prot\u00e9g\u00e9e pendant sa p\u00e9riode de nidification, l&rsquo;acc\u00e8s \u00e0 la falaise de l&rsquo;M est suspendue jusqu&rsquo;\u00e0 l&rsquo;aval de la LPO Normandie, \u00e0 priori jusqu&rsquo;au 3 juillet 2021 Merci de respecter &hellip; <p class=\"link-more\"><a href=\"https:\/\/ct27.escalade-normandie.com\/index.php\/2021\/02\/24\/la-saison-des-amours-cest-reparti\/\" class=\"more-link\">Continuer la lecture<span class=\"screen-reader-text\"> de &laquo;&nbsp;La saison des amours, c&rsquo;est reparti !&nbsp;&raquo;<\/span><\/a><\/p><\/div><\/li>\n<li><div class=\"wp-block-latest-posts__featured-image\"><img loading=\"lazy\" decoding=\"async\" width=\"150\" height=\"150\" src=\"https:\/\/ct27.escalade-normandie.com\/wp-content\/uploads\/2019\/04\/reunion-150x150.jpg\" class=\"attachment-thumbnail size-thumbnail wp-post-image\" alt=\"\" style=\"\" srcset=\"https:\/\/ct27.escalade-normandie.com\/wp-content\/uploads\/2019\/04\/reunion-150x150.jpg 150w, https:\/\/ct27.escalade-normandie.com\/wp-content\/uploads\/2019\/04\/reunion-324x324.jpg 324w, https:\/\/ct27.escalade-normandie.com\/wp-content\/uploads\/2019\/04\/reunion-100x100.jpg 100w\" sizes=\"auto, 100vw\" \/><\/div><a class=\"wp-block-latest-posts__post-title\" href=\"https:\/\/ct27.escalade-normandie.com\/index.php\/2021\/01\/22\/assemblee-generale-elective-du-comite-territorial-ffme-de-leure-samedi-20-fevrier-a-la-base-de-lery-pose\/\">Assembl\u00e9e g\u00e9n\u00e9rale \u00e9lective du comit\u00e9 territorial FFME de l&rsquo;Eure- samedi 20 f\u00e9vrier \u00e0 la base de L\u00e9ry Pose<\/a><time datetime=\"2021-01-22T23:41:44+01:00\" class=\"wp-block-latest-posts__post-date\">22 janvier 2021<\/time><div class=\"wp-block-latest-posts__post-excerpt\">Bonjour \u00e0 toutes et \u00e0 tous Vous trouverez en PJ l&rsquo;invitation \u00e0 l&rsquo;assembl\u00e9e g\u00e9n\u00e9rale \u00e9lective du comit\u00e9 territorial FFME de l&rsquo;Eure qui se d\u00e9roulera le samedi 20 f\u00e9vrier \u00e0 la base de L\u00e9ry Poses salle Cousteau. On va faire en sorte de se r\u00e9unir de se voir, de se parler, pour cette AG importante pour &hellip; <p class=\"link-more\"><a href=\"https:\/\/ct27.escalade-normandie.com\/index.php\/2021\/01\/22\/assemblee-generale-elective-du-comite-territorial-ffme-de-leure-samedi-20-fevrier-a-la-base-de-lery-pose\/\" class=\"more-link\">Continuer la lecture<span class=\"screen-reader-text\"> de &laquo;&nbsp;Assembl\u00e9e g\u00e9n\u00e9rale \u00e9lective du comit\u00e9 territorial FFME de l&rsquo;Eure- samedi 20 f\u00e9vrier \u00e0 la base de L\u00e9ry Pose&nbsp;&raquo;<\/span><\/a><\/p><\/div><\/li>\n<\/ul>\n\n\n<p><\/p>\n","protected":false},"excerpt":{"rendered":"<p>Bienvenue sur notre site !<\/p>\n","protected":false},"author":2,"featured_media":0,"parent":0,"menu_order":0,"comment_status":"closed","ping_status":"closed","template":"","meta":{"footnotes":""},"class_list":["post-10","page","type-page","status-publish","hentry"],"aioseo_notices":[],"_links":{"self":[{"href":"https:\/\/ct27.escalade-normandie.com\/index.php\/wp-json\/wp\/v2\/pages\/10","targetHints":{"allow":["GET"]}}],"collection":[{"href":"https:\/\/ct27.escalade-normandie.com\/index.php\/wp-json\/wp\/v2\/pages"}],"about":[{"href":"https:\/\/ct27.escalade-normandie.com\/index.php\/wp-json\/wp\/v2\/types\/page"}],"author":[{"embeddable":true,"href":"https:\/\/ct27.escalade-normandie.com\/index.php\/wp-json\/wp\/v2\/users\/2"}],"replies":[{"embeddable":true,"href":"https:\/\/ct27.escalade-normandie.com\/index.php\/wp-json\/wp\/v2\/comments?post=10"}],"version-history":[{"count":3,"href":"https:\/\/ct27.escalade-normandie.com\/index.php\/wp-json\/wp\/v2\/pages\/10\/revisions"}],"predecessor-version":[{"id":217,"href":"https:\/\/ct27.escalade-normandie.com\/index.php\/wp-json\/wp\/v2\/pages\/10\/revisions\/217"}],"wp:attachment":[{"href":"https:\/\/ct27.escalade-normandie.com\/index.php\/wp-json\/wp\/v2\/media?parent=10"}],"curies":[{"name":"wp","href":"https:\/\/api.w.org\/{rel}","templated":true}]}}